Debug-Mixin v0.4.4 Perl 5 v5.16.3 x86_64-linux
- Status
- Fail
- From
- Slaven Rezić (SREZIC)
- Dist
-
Debug-Mixin v0.4.4
- Platform
- Perl 5 v5.16.3 x86_64-linux
- Date
- 2019-05-06T20:36:36
- ID
- a4d32d0c-703e-11e9-946a-6f771f24ea8f
This distribution has been tested as part of the CPAN Testers
project, supporting the Perl programming language. See
http://wiki.cpantesters.org/ for more information or email
questions to cpan-testers-discuss@perl.org
--
Dear Nadim Ibn Hamouda El Khemir,
This is a computer-generated report for Debug-Mixin-0.4.4
on perl 5.16.3, created by CPAN-Reporter-1.2018.
Thank you for uploading your work to CPAN. However, there was a problem
testing your distribution.
If you think this report is invalid, please consult the CPAN Testers Wiki
for suggestions on how to avoid getting FAIL reports for missing library
or binary dependencies, unsupported operating systems, and so on:
http://wiki.cpantesters.org/wiki/CPANAuthorNotes
Sections of this report:
* Tester comments
* Program output
* Prerequisites
* Environment and other context
------------------------------
TESTER COMMENTS
------------------------------
Additional comments from tester:
none provided
------------------------------
PROGRAM OUTPUT
------------------------------
Output from './Build test':
t/001_1_load.t ................. ok
t/004_1_banner.t ............... ok
t/004_2_banner.t ............... ok
# Failed test 'single empty file loading'
# at t/005_add_remove_breakpoint.t line 287.
# died: couldn't do 't/breakpoints_file_empty': Datei oder Verzeichnis nicht gefunden at t/005_add_remove_breakpoint.t line 286.
# Failed test 'multiple empty file loading'
# at t/005_add_remove_breakpoint.t line 296.
# died: couldn't do 't/breakpoints_file_empty': Datei oder Verzeichnis nicht gefunden at t/005_add_remove_breakpoint.t line 295.
# Failed test 'four breakpoint registred'
# at t/005_add_remove_breakpoint.t line 299.
# got: '0'
# expected: '4'
#
couldn't parse 't/breakpoints_file_override': couldn't do 't/breakpoints_file_error': Datei oder Verzeichnis nicht gefunden at t/005_add_remove_breakpoint.t line 304.
at t/005_add_remove_breakpoint.t line 310.
# Failed test 'block 'LoadBreakpointsFiles' expected 6 test(s) and ran 5'
# at /opt/perl-5.16.3/lib/site_perl/5.16.3/Carp.pm line 291.
# Looks like your test exited with 2 just after 37.
t/005_add_remove_breakpoint.t ..
Dubious, test returned 2 (wstat 512, 0x200)
Failed 4/37 subtests
t/006_run_breakpoint.t ......... ok
t/007_status_breakpoint.t ...... ok
t/008_subs.t ................... ok
t/009_data_storage.t ........... ok
t/010_exception.t .............. ok
t/015_debugger.t ............... ok
# Failed test 'LoadBreakpointsFiles through -M'
# at t/016_-M.t line 41.
# ''
# doesn't match '(?^:Loading 'breakpoints_file_empty')'
# Looks like you failed 1 test of 4.
t/016_-M.t .....................
Dubious, test returned 1 (wstat 256, 0x100)
Failed 1/4 subtests
(less 1 skipped subtest: 2 okay)
t/020_help.t ................... ok
t/021_query.t .................. ok
t/022_output.t ................. ok
Test Summary Report
-------------------
t/005_add_remove_breakpoint.t (Wstat: 512 Tests: 37 Failed: 4)
Failed tests: 31, 33-34, 36
Non-zero exit status: 2
t/016_-M.t (Wstat: 256 Tests: 4 Failed: 1)
Failed test: 3
Non-zero exit status: 1
Files=14, Tests=88, 2 wallclock secs ( 0.03 usr 0.05 sys + 0.95 cusr 0.26 csys = 1.29 CPU)
Result: FAIL
Failed 2/14 test programs. 5/88 subtests failed.
------------------------------
PREREQUISITES
------------------------------
Prerequisite modules loaded:
requires:
Module Need Have
------------------ ---- -----
Data::Compare 0 1.25
Data::TreeDumper 0 0.40
List::MoreUtils 0 0.428
Readonly 0 2.05
Sub::Install 0 0.928
Test::Output 0 1.031
Tie::Hash::Indexed 0 0.05
build_requires:
Module Need Have
------------------ ---- -----
Test::Block 0 0.13
Test::Exception 0 0.43
Test::NoWarnings 0 1.04
Test::Output 0 1.031
Test::Warn 0 0.36
Text::Diff 0 1.44
------------------------------
ENVIRONMENT AND OTHER CONTEXT
------------------------------
Environment variables:
LANG = de_DE.UTF-8
PATH = /usr/local/bin:/usr/bin:/bin:/usr/local/sbin:/usr/sbin:/sbin:/home/cpansand/bin/linux-gnu:/home/cpansand/bin/sh:/home/cpansand/bin:/usr/games:/home/cpansand/devel:/home/eserte/src/srezic-misc/scripts
PERL5LIB =
PERL5OPT =
PERL5_CPANPLUS_IS_RUNNING = 32267
PERL5_CPAN_IS_RUNNING = 32267
PERL5_CPAN_IS_RUNNING_IN_RECURSION = 32132,32267
PERLDOC = -MPod::Perldoc::ToTextOverstrike
PERL_BATCH = yes
PERL_CANARY_STABILITY_NOPROMPT = 1
PERL_CPAN_REPORTER_CONFIG = /var/tmp/cpansmoker-1023/2019050620/cpanreporter_000_config.ini
PERL_EXTUTILS_AUTOINSTALL = --defaultdeps
PERL_USE_UNSAFE_INC = 1
SHELL = /bin/zsh
TERM = screen
TMPDIR = /var/tmp/cpansmoker-1023/2019050620
Perl special variables (and OS-specific diagnostics, for MSWin32):
$^X = /opt/perl-5.16.3/bin/perl
$UID/$EUID = 1023 / 1023
$GID = 1023 1023
$EGID = 1023 1023
Perl module toolchain versions installed:
Module Have
------------------- --------
CPAN 2.26
CPAN::Meta 2.150010
Cwd 3.75
ExtUtils::CBuilder 0.280231
ExtUtils::Command 7.34
ExtUtils::Install 2.14
ExtUtils::MakeMaker 7.34
ExtUtils::Manifest 1.72
ExtUtils::ParseXS 3.35
File::Spec 3.75
JSON 4.01
JSON::PP 2.97001
Module::Build 0.4224
Module::Signature 0.83
Parse::CPAN::Meta 2.150010
Test::Harness 3.42
Test::More 1.302164
YAML 1.26
YAML::Syck 1.31
version 0.9924
--
Summary of my perl5 (revision 5 version 16 subversion 3) configuration:
Platform:
osname=linux, osvers=2.6.32-696.3.1.el6.x86_64, archname=x86_64-linux
uname='linux centos6 2.6.32-696.3.1.el6.x86_64 #1 smp tue may 30 19:52:55 utc 2017 x86_64 x86_64 x86_64 gnulinux '
config_args='-ds -e -Dprefix=/opt/perl-5.16.3 -Dcf_email=srezic@cpan.org'
hint=recommended, useposix=true, d_sigaction=define
useithreads=undef, usemultiplicity=undef
useperlio=define, d_sfio=undef, uselargefiles=define, usesocks=undef
use64bitint=define, use64bitall=define, uselongdouble=undef
usemymalloc=n, bincompat5005=undef
Compiler:
cc='cc', ccflags ='-fno-strict-aliasing -pipe -fstack-protector -I/usr/local/include -D_LARGEFILE_SOURCE -D_FILE_OFFSET_BITS=64',
optimize='-O2',
cppflags='-fno-strict-aliasing -pipe -fstack-protector -I/usr/local/include'
ccversion='', gccversion='4.4.7 20120313 (Red Hat 4.4.7-18)', gccosandvers=''
intsize=4, longsize=8, ptrsize=8, doublesize=8, byteorder=12345678
d_longlong=define, longlongsize=8, d_longdbl=define, longdblsize=16
ivtype='long', ivsize=8, nvtype='double', nvsize=8, Off_t='off_t', lseeksize=8
alignbytes=8, prototype=define
Linker and Libraries:
ld='cc', ldflags =' -fstack-protector -L/usr/local/lib'
libpth=/usr/local/lib /lib/../lib64 /usr/lib/../lib64 /lib /usr/lib /lib64 /usr/lib64 /usr/local/lib64
libs=-lnsl -lgdbm -ldb -ldl -lm -lcrypt -lutil -lc
perllibs=-lnsl -ldl -lm -lcrypt -lutil -lc
libc=, so=so, useshrplib=false, libperl=libperl.a
gnulibc_version='2.12'
Dynamic Linking:
dlsrc=dl_dlopen.xs, dlext=so, d_dlsymun=undef, ccdlflags='-Wl,-E'
cccdlflags='-fPIC', lddlflags='-shared -O2 -L/usr/local/lib -fstack-protector'
Characteristics of this binary (from libperl):
Compile-time options: HAS_TIMES PERLIO_LAYERS PERL_DONT_CREATE_GVSV
PERL_MALLOC_WRAP PERL_PRESERVE_IVUV USE_64_BIT_ALL
USE_64_BIT_INT USE_LARGE_FILES USE_LOCALE
USE_LOCALE_COLLATE USE_LOCALE_CTYPE
USE_LOCALE_NUMERIC USE_PERLIO USE_PERL_ATOF
Built under linux
Compiled at Jun 24 2017 09:37:57
%ENV:
PERL5LIB=""
PERL5OPT=""
PERL5_CPANPLUS_IS_RUNNING="32267"
PERL5_CPAN_IS_RUNNING="32267"
PERL5_CPAN_IS_RUNNING_IN_RECURSION="32132,32267"
PERLDOC="-MPod::Perldoc::ToTextOverstrike"
PERL_BATCH="yes"
PERL_CANARY_STABILITY_NOPROMPT="1"
PERL_CPAN_REPORTER_CONFIG="/var/tmp/cpansmoker-1023/2019050620/cpanreporter_000_config.ini"
PERL_EXTUTILS_AUTOINSTALL="--defaultdeps"
PERL_USE_UNSAFE_INC="1"
@INC:
/opt/perl-5.16.3/lib/site_perl/5.16.3/x86_64-linux
/opt/perl-5.16.3/lib/site_perl/5.16.3
/opt/perl-5.16.3/lib/5.16.3/x86_64-linux
/opt/perl-5.16.3/lib/5.16.3
.